t a(u) = -2*u - 26. Let b be a(-14). Let w be -8*(21/(-6) - -3). Suppose -b*r - 706 = -w*r. Is r composite?
False
Let z(w) = w**3 - 3*w**2 - 2*w - 1. Suppose -7*j + 40 - 12 = 0. Let l be z(j). Suppose l*h = 5*h + 398. Is h prime?
True
Suppose 15*j = -2 + 317. Suppose -17*c + j*c = 3676. Is c a prime number?
True
Let n(i) = 108*i**2 - 6*i - 1. Let t = -56 - -58. Is n(t) a composite number?
False
Let l(y) = 4*y**3 - 9*y**2 + 12*y - 17. Is l(10) composite?
False
Is (-6)/(-16) - (2 + (-758799)/24) composite?
True
Let u(t) = 99*t**2 - 4*t + 2. Let o be u(-4). Suppose o + 1394 = 4*b. Suppose -9*w + b = -8*w. Is w prime?
False
Let u(x) = 3832*x + 6. Let j(t) = 1277*t + 2. Let h(g) = 17*j(g) - 6*u(g). Let y be h(-2). Suppose 2*b + y = 6*b. Is b prime?
True
Let z be (-3)/(-2)*1162/21. Suppose l = -0*l + z. Is l prime?
True
Let t(l) be the second derivative of l**7/504 + l**5/60 + l**4/2 + 6*l. Let k(o) be the third derivative of t(o). Is k(5) a prime number?
True
Let t(s) = 53*s - 6. Suppose -4 + 3 = m - 2*b, 0 = 3*m + b - 32. Let f be t(m). Suppose -3*x = -0*x - f. Is x a composite number?
False
Suppose 0 = 11*u - 58221 - 2906. Is u a composite number?
False
Let p(y) = 972*y - 5. Let d be p(1). Suppose 2*b - 1934 = -4*h, -2*b - d = -3*b + 2*h. Is b composite?
False
Let q(m) be the third derivative of -m**7/840 + m**6/30 + m**5/120 - 11*m**4/24 + m**3 - 2*m**2. Let h(v) be the first derivative of q(v). Is h(8) prime?
False
Suppose -3602 + 9922 = 2*x. Suppose 3*s = -5*s + x. Is s a prime number?
False
Let w(y) = 8*y**3 - 2*y**2 + y + 2. Let q be w(2). Let m = 29 + -30. Is 215*m*(-36)/q composite?
True
Let q = 38 - 28. Is 2322/30 + (-4)/q a prime number?
False
Let d be -5 + 529 + (3 - 2). Suppose -2*c + m + 361 = 0, 3*c + 3*m + m = d. Suppose 201 + c = 4*p. Is p a composite number?
True
Let r = 6 - 8. Let h = 5 + r. Suppose 2*w - h = 611. Is w prime?
True
Let p(d) = 4*d**2 + 22*d - 8. Let r be p(-6). Suppose r*t = -2*y + 6285 + 5089, -3*t - y + 8528 = 0. Is t prime?
False
Is 5/(-10)*-6 - -1730 prime?
True
Suppose 4*j - 3*j = 5*g + 35, -2 = -g. Suppose 3*a = -4*b + 31, -4*a - 5*b + j = 3. Is a composite?
False
Suppose 9*j - 94631 = -24260. Is j prime?
False
Let g = 49 - 62. Let u(x) = -45*x + 28. Is u(g) a composite number?
False
Let n = 336 - 100. Let k = 3595 - n. Is k prime?
True
Suppose -122*o = -2119003 - 1125831. Is o composite?
False
Let y = 18 + -16. Suppose -y*x = 3 + 3. Let m(h) = -56*h - 7. Is m(x) composite?
True
Suppose b - 1557 = 4*t, 3*b + 3*t = 2085 + 2526. Let m = b + -726. Is m composite?
True
Suppose 0 = 4*s + p - 446 - 453, -447 = -2*s - 3*p. Let q = -2 + s. Is q a composite number?
False
Let i(b) = -2*b**3 + 2*b**2 + 8*b + 13. Let v be i(-5). Let p = -158 + v. Is p prime?
False
Suppose -114*y = -117*y - 3*j + 91128, 2*y - 60757 = 3*j. Is y a composite number?
True
Let f(r) = 25*r**2 - 4*r - 5. Let q(k) = -26*k**2 + 5*k + 6. Let j(b) = 4*f(b) + 3*q(b). Let t be j(-2). Suppose 5*n = -t + 883. Is n a prime number?
False
Let y = -17 - -11. Let o be (24/36)/((-2)/y). Suppose -o*j = -6*j + 1004. Is j a composite number?
False
Let q = 114 + -162. Is q/16*(-94)/6 prime?
True
Suppose -4*o = 2*f - 9168, 1380 + 903 = o + 5*f. Is o a composite number?
False
Let y = 4423 - -1648. Is y a prime number?
False
Suppose 0 = -4*h - 3*w + 2647, -2*w - 1094 + 3078 = 3*h. Suppose y + y - h = 0. Is y a prime number?
False
Suppose -5 + 3 = -f. Suppose -569 = -4*b + 3*p, -5*b - f*p = -7*p - 705. Let s = b + -61. Is s composite?
True
Let m(t) = 207*t + 1. Let j be (-5)/30 + 52/24. Is m(j) prime?
False
Let c = -11 - -10. Is (-2073*(2 + 0 + c))/(-1) prime?
False
Let m be ((-9)/(-4))/(1/4). Let j(f) = -12 + 6*f**2 + 4*f**2 + 25 + 0*f - f**3 - 5*f. Is j(m) a composite number?
True
Suppose 3*o + 12 - 15 = 0. Is 2338/35 - (12/(-10) + o) a composite number?
False
Suppose -6*x = -131 + 29. Suppose x*t + 25 = 12*t. Is (-612)/(-20) + (-2)/t composite?
False
Is (-1937604)/(-305) + 1/5 prime?
True
Let n = 9720 - -3539. Is n composite?
False
Suppose 30*g - 33540 - 19170 = 0. Is g a composite number?
True
Suppose 1029 + 3817 = 4*o - 5*u, 0 = 5*o + 2*u - 6074. Let n = o + -592. Suppose -d = 2*m - 157 - 160, 2*d + m = n. Is d a composite number?
True
Let z = 26 + -39. Let v(a) be the second derivative of -a**4/12 - 17*a**3/6 - 15*a**2/2 - 2*a. Is v(z) a composite number?
False
Let x = -4 - -12. Let i be 15/4*x/(-3). Let j(d) = -41*d + 9. Is j(i) composite?
False
Let n be (-3*1)/1 - 0. Let z(b) = 1 - 3 - 171*b + 130*b. Is z(n) a composite number?
True
Suppose 0 = 4*g + x - 2*x - 54907, -4*g = 3*x - 54911. Suppose 0 = 6*r - g + 4937. Is r prime?
False
Let g = 2 - 17. Let b be (g/(-2))/(4/(-8)). Is (10/b)/(6/(-747)) a composite number?
False
Let m(y) = 390*y - 1. Is m(5) prime?
True
Suppose -14 - 586 = -6*d. Let f(b) = -b. Let p be f(-2). Suppose -p*j = 2*j - d. Is j a prime number?
False
Let d(c) = 4*c - 23. Let b be d(8). Let i = 346 - b. Is i a composite number?
False
Suppose y + 4*v - 47877 = -2*y, -y + 15959 = -v. Is y a composite number?
False
Let i(w) = 26*w**2 + 32*w + 43. Is i(11) a composite number?
False
Suppose 0 = 2*x + 5*o + 2 - 17, -3*o + 9 = -x. Suppose -2*l - 403 - 2745 = x. Let i = 2945 + l. Is i a prime number?
False
Let r be (-3 + 2)*(-213 + 0). Suppose 0 = -3*f + l + 222, -l = 3*f + l - r. Suppose -u = 5*o - f, 2*u - o - 127 = 63. Is u a composite number?
True
Let h(s) = -2*s**2 + s + 3. Let k be h(0). Suppose 3*r + 2*w = -w + 3627, 0 = k*w - 6. Is r a prime number?
False
Suppose 4*j + l - 17 = 2*l, -5*j - 3*l = -34. Let m(z) = 7*z**3 - 5*z**2 - z - 2. Is m(j) composite?
False
Let n(o) = 10*o**3 + 6*o**2 - 15*o - 16. Is n(7) composite?
True
Let b = 9638 + -4651. Is b prime?
True
Suppose -k = -2*p - 404, -k + 4*p - 19 = -429. Suppose 4*f - 3*q + 5*q = -16, -4*f + 2*q - 32 = 0. Is k + f*(-1)/(-2) a composite number?
True
Let z be (0 - -293)*30/(-6). Let b = 2784 + z. Is b prime?
True
Let l(w) be the third derivative of w**7/315 - 5*w**6/144 + 13*w**5/60 + 5*w**2. Let z(u) be the third derivative of l(u). Is z(14) a prime number?
True
Suppose 7040 = 7*a + 1979. Is a*((-6)/3*-1)/2 prime?
False
Let b(a) = -2*a**2 - 2*a + 18607. Is b(0) composite?
True
Let x = 53656 + -13937. Is x a prime number?
True
Suppose -29*v - q = -24*v - 19763, -3955 = -v + q. Is v a prime number?
False
Suppose -q - 2*u = -5, -3*q = 5*u - 13 - 1. Suppose 0 = -2*b - 5*c + 1262, b + 2*c - q*c = 631. Is b composite?
False
Suppose 3*h = -u + 5486, u - 3657 = -7*h + 5*h. Is h prime?
False
Let d(l) = l**3 - l**2 - l + 7. Let b(q) = q + 6. Let j be b(3). Suppose 0 = -j*s + 4*s. Is d(s) composite?
False
Let h be 0/((-5)/(20/(-16))). Suppose 2*z = -4 - 6, h = j + 2*z - 153. Is j a prime number?
True
Suppose -17*l - 74782 = -5*r - 14*l, 4*r - 59820 = l. Is r a composite number?
True
Let h(y) = 5*y**2 + 20*y + 19. Let r be ((-64)/(-20))/(6/(-30)). Is h(r) prime?
False
Let q(u) = 2200*u**2 + 9*u - 6. Is q(1) a composite number?
False
Let c(h) = 22*h**2 - 11*h - 8. Let s be c(-7). Suppose 2*o - s = 1639. Is o composite?
True
Suppose 3*l + 3*s - 11187 = 0, -4*s + 3476 = 2*l - 3976. Suppose l = 4*r + 2*r. Is r a composite number?
True
Suppose 3*d - 4 = 2. Suppose -d*r = 3*a - 1343, 204 = 5*a + 2*r - 2037. Is a composite?
False
Let t(a) = 163*a**2 + 10*a - 95. Is t(6) prime?
False
Let a = -347 + 873. Suppose -a + 5121 = 5*w. Is w a prime number?
True
Let m(n) = n**2 - 4*n + 4. Let v be m(7). Suppose 2*t = -3*t + v. Suppose -4*d + 77 = t*i, 67 = 4*d + 4*i - i. Is d a composite number?
False
Suppose 4*u - 73 = -3*n + 2*n, 2*n = -5*u + 155. Is n composite?
True
Let y = -16563 - -33714. Is y a prime number?
False
Let l = -5856 - -8412. Let z = 3632 - l. Suppose -t + 5*n = -771, 5*n = -t - 285 + z. Is t composite?
True
Let v be (-1)/(-3) - (-268)/(-3). Let x be (-4)/6*6*v. Suppose x = n + 3*n. Is n a composite number?
False
Let y(z) = 32094*z + 241. Is y(4) a composite number?
True
Let r be 6778/4 + 2/(-4). Suppose 3*a = 4*z - 4634 - 2135, -a + r = z. Is z a composite number?
False
Let n = 1955 - 696. Is n a prime number?
True
Let u = -235 - -361. Let q = u - 57. Suppose -c + q = -122. Is c a composite number?
False
Suppose 460 + 7273 = 11*q. Is q a prime number?
False
Let v = 2 + -10. Let t(i) = -12*i - 1